 the second derivative of u**6/120 + u**5/60 - u**4/24 - 4*u**3/3 + 4*u**2 + 5*u. Let j(m) be the first derivative of t(m). Determine j(0).
-8
Let w(j) = j + 1. Let v be w(4). Let r(g) = -2*g + 4. Give r(v).
-6
Let b(c) = -2*c - 2. Suppose -4*a = 4*a - 40. Determine b(a).
-12
Let h(v) be the first derivative of -1/3*v**3 - 5*v - 2 + 7/2*v**2. What is h(6)?
1
Let r(n) = 2*n**3 + 2*n**2 - 2. Let i(o) = 16*o**3 + 17*o**2 - 17. Let x(z) = -6*i(z) + 51*r(z). What is x(-1)?
-6
Let s(d) be the third derivative of -d**5/60 - d**4/3 + 7*d**3/6 + 56*d**2. Calculate s(-9).
-2
Let l(u) = 4*u**3 - 3*u**2 - 7*u + 2. Let n(x) = -3*x**3 + 4*x**2 + 7*x - 1. Let z(w) = 2*l(w) + 3*n(w). Give z(7).
1
Let q(y) = -y. Let j(l) = -5*l - 4. Let h(d) = j(d) - 4*q(d). What is h(0)?
-4
Let c be ((-1 - -9) + -2)/2. Let a(s) = -c*s**2 + 2*s + 4*s**2 - 6*s + 1. What is a(5)?
6
Let b(y) = y**3 + 4*y**2 - 13*y - 6. Let t be b(-6). Let h(a) = 5*a - a + t - 3*a + 4. Suppose -2*g - 30 = 4*r, r + 2 - 5 = 3*g. Determine h(r).
-2
Suppose 2*f + 5 = 3*f - 2*a, 3*f = a. Let p(l) = -l + 1. Determine p(f).
2
Let h(o) be the third derivative of o**4/12 - o**3/2 - o**2. Let m(g) = 0*g - 2*g - 1 + 0. Let k be m(-3). What is h(k)?
7
Suppose -3*y - 5*k - 20 = 0, 2*y + 0*y = 2*k - 8. Let l(m) be the first derivative of -m**2/2 + 3. Let h(p) = -6*p - 6. Let a(u) = h(u) - 4*l(u). What is a(y)?
4
Let t(q) be the second derivative of -q**6/120 - q**5/60 - q**4/24 - 2*q**2 + 6*q. Let p(r) be the first derivative of t(r). Give p(0).
0
Let d(s) = -2*s + 0*s + 5*s + 2*s - 1. Determine d(1).
4
Let p(q) = 3*q**3 - q**2 + 1. Let b be p(1). Let o be b/12 - (-14)/8. Let x(j) = o*j**2 + j**2 + 2 + j**3 + 0*j**2. Determine x(-2).
6
Let o(m) = -10*m**2. Suppose 3*u - 7*u - 4*d = 0, 2*u = -4*d. Suppose 0*p + 3*p - 5*q = -18, u = -p - 2*q + 5. Determine o(p).
-10
Let r(q) = q**2 + 3. Let j(o) = o**2 - o + 3. Let b(m) = 3*j(m) - 4*r(m). Determine b(-4).
-7
Suppose -12*b + 10*b = -8. Let c(p) be the second derivative of 0 - p - 2*p**2 + 1/6*p**3. Calculate c(b).
0
Let k be 16/(-6)*12/(-8). Suppose 2*d + 2*d - 5*i = 23, 0 = k*d - 3*i - 25. Let j = -10 + d. Let g(b) = b**2 + 2*b - 3. What is g(j)?
0
Let g(r) be the third derivative of -1/24*r**4 + 5/6*r**3 + 0 - r**2 + 0*r. Let m(l) = -l**2 + 4*l + 3. Let h be m(4). Give g(h).
2
Let f(v) = -v**2 + 2*v. Let s(j) = -j**3 - 2*j**2 - 3*j - 2. Let a be s(-2). Give f(a).
-8
Let n(l) be the third derivative of -l**5/60 - l**4/8 + l**3/3 - 2*l**2. Let t(f) = f**2 - f + 1. Let x(o) = n(o) + 2*t(o). Calculate x(4).
0
Suppose f = -5*k - 3*f + 24, 4 = 4*f. Let c(r) = -2 - r**2 - 1 - 3 - k*r. What is c(-4)?
-6
Let m(u) = -u + 3. Let f be m(4). Let j(d) = -d**2 - 4*d. Let y be j(-3). Let s = y - f. Let h(w) = 2*w - 4. Calculate h(s).
4
Let w(a) = a**2 + 6*a - 3. Let l(g) = 8*g + 10. Let h be l(-2). What is w(h)?
-3
Let f(r) = -r**3 + 8*r**2 - 7*r - 4. Let t be f(7). Let s(w) = w**2 + 3*w - 4. Calculate s(t).
0
Let f(t) = 0*t - t + 17 + 7 - 31. Let a be -6 - 1/(-1 + 0). Give f(a).
-2
Let v(n) = -7*n. Let m be (-4)/(-10)*(-40)/8. Calculate v(m).
14
Let v(d) = -1. Let o(f) = f + 8. Let t(l) = o(l) + 6*v(l). Let p(u) = -u**3 - 5*u**2 - 5*u - 4. Let m be p(-4). Suppose s - 6*s = m. Calculate t(s).
2
Suppose 3*z + z - 12 = 4*v, -z - 3*v + 3 = 0. Let f(d) = z - 5*d**3 - 3 + 2*d**2 - d. Determine f(1).
-4
Let q(g) = 6 - 3*g**3 - 7 + 8*g + 7*g**2 + 0 + 2*g**3. Determine q(8).
-1
Let q(x) = x**2 + 6*x - 11. Let m be q(-7). Let u(g) = g + 6. Give u(m).
2
Let k(o) be the third derivative of o**6/120 - o**5/10 + o**4/3 - 7*o**3/6 - 9*o**2. What is k(5)?
8
Let s(l) = -5*l + 1. Suppose 5 = 6*f - 7. Give s(f).
-9
Let u(z) = 3*z**3 + 10*z**2 - 6*z - 9. Let c(o) = -o**3 - o**2 + o + 1. Let d(w) = -4*c(w) - u(w). Determine d(5).
-10
Let d(y) be the second derivative of -y**4/12 + y**3/6 - y**2/2 + 10*y. Determine d(-2).
-7
Let q(d) be the third derivative of d**8/6720 - d**7/2520 - d**4/8 + 2*d**2. Let b(f) be the second derivative of q(f). What is b(2)?
4
Suppose 2*a - 5*s + 0 = 6, -a + 3*s = -3. Let v(d) = 1 - d**a + 3*d**2 - 2 + 5*d + 1. Suppose -c + 4 = -0*c. What is v(c)?
4
Let w(g) = g**2 + 4*g - g + 6 + 2*g. Let n be -1 + -3*2/(-6). Suppose 3*m = -2*d - n*m + 7, -3*d - 3*m = -3. What is w(d)?
2
Suppose 20 = l - 2. Suppose 4*o - 2*p = l, -4*p + 3*p = -5*o + 29. Let m(x) = -21*x**3 - 3*x + 20*x**3 - 6 + 6*x**2 + 4*x. What is m(o)?
0
Let n(j) = j**2 + 3*j + 6. Let i(l) = -2*l**2 - 7*l - 11. Let d(o) = -2*i(o) - 5*n(o). Let f = -3 + 3. Calculate d(f).
-8
Let k(p) be the third derivative of 0 - 1/6*p**4 - 1/60*p**5 - 2/3*p**3 + p**2 + 0*p. Let f(l) = -2*l - 1. Let b be f(1). Determine k(b).
-1
Let t(u) = 15*u**2 - u - 1. Suppose -3 - 4 = -j - 2*y, 0 = -4*y + 16. Calculate t(j).
15
Let n(r) be the second derivative of -2*r**3/3 + 2*r**2 + 39*r - 2. Let s = 15 - 11. Calculate n(s).
-12
Let s(u) = -u**2 + 5*u + 7. Let g be s(6). Let t(z) = -8*z - 7. Let b(x) = 4*x + 3. Let j(v) = -5*b(v) - 2*t(v). Calculate j(g).
-5
Let q be (-6)/10 + 4/(-10). Let b(p) be the third derivative of -1/12*p**4 + 2*p**2 + 0 + 0*p + 1/6*p**3. What is b(q)?
3
Let h be (-2)/5 + 2/5. Let l be h - (-1 + -3 + -2). Let m(k) = l*k - 5 + 4 - 4*k. Determine m(1).
1
Let n(y) = -1 - 19*y + 0 + 20*y. Let s be n(6). Let r(o) be the first derivative of o**3/3 - 2*o**2 - 2*o + 1. Determine r(s).
3
Let r(m) be the first derivative of 5 + 1/4*m**4 + 6*m - 1/2*m**2 + 0*m**3. Calculate r(0).
6
Suppose -6*p + 15 = -p. Let s(f) = -2*f + f + 2*f - 4 + 2*f. Calculate s(p).
5
Let f(o) be the third derivative of 1/24*o**4 + 0 + 0*o**3 - 3*o**2 + 0*o. Give f(0).
0
Let p(o) = -2*o + 2. Let g(b) = b - 3. Let y(r) = 3*g(r) + 2*p(r). What is y(4)?
-9
Let u(i) = 1. Let w(t) = t + 2. Let j(z) = -5*u(z) - w(z). Let l(a) = -a**2 + 11*a - 15. Let f = -10 + 20. Let g be l(f). Determine j(g).
-2
Let q(r) = -2*r - 4. Let i(o) = o**2 + 4*o + 3. Let m be i(-3). Suppose -4 + m = -2*x. Suppose -2*f + y = -y + 12, -x*f - 9 = -y. Give q(f).
2
Let k(a) = -a**3 + 4*a**2 - 4*a + 5. Suppose -2*l = -4*h + 6, 5*h + 2*l = -1 + 31. Determine k(h).
-11
Let k(o) = 6*o**3 + 2*o**2 + o. Let s = 4 + -4. Let t = 3 + s. Let v = 2 - t. What is k(v)?
-5
Suppose -3 - 7 = -5*a. Let x(j) = -4*j + 3*j - a*j**2 + 1 - 2. Let d(t) = t**2 + 6*t + 4. Let b be d(-5). Calculate x(b).
-2
Let h = -32 + 32. Let a(z) = -z**2 - z - 7. Calculate a(h).
-7
Suppose -3*t = -5*l + 7, 2*t + 5*l = 10 + 2. Let x(u) = 6*u**2 - 2*u + 1. Calculate x(t).
5
Let h(j) = -3*j**2 + 4*j**2 + 4*j + 3*j**2 + 4 - 3*j**2. What is h(-4)?
4
Let t(j) = j**2 + j - 1. Let c be t(2). Let a = c - 4. Let d(b) = -10*b**3 + 3*b**2 - a - 3*b**2. Calculate d(-1).
9
Let a(p) = -6*p - 12. Let h(j) = -j - 1. Let l(g) = -a(g) + 8*h(g). Let q = -7 + 9. Suppose 0 = r + 2*n + q, 4*r + n = 4*n + 25. Calculate l(r).
-4
Suppose 0 = -4*n + 2*i + 12, 0*n + 4*n - 5*i = 12. Suppose -2*o = 1 + n. Let q(h) = 2*h + 3. Calculate q(o).
-1
Let x(m) = m. Let n(g) = 19*g - 1. Let q(b) = -n(b) - 3*x(b). Give q(1).
-21
Let c(l) = 5*l**2 - 6. Let n(q) = 11*q**2 - 13. Let s(x) = -9*c(x) + 4*n(x). Give s(3).
-7
Let p be (9/(-27))/(2/(-18)). Suppose p*i = 13 - 1. Let r(l) = l - 3. Calculate r(i).
1
Let z(u) = -u**2 + 10*u - 9. Let f(d) = 2*d**2 - 21*d + 19. Let b(t) = -4*f(t) - 9*z(t). What is b(5)?
0
Let f(q) = -q - 2. Let j = -6 - -11. Suppose -4 = 4*v + 4*r - 0, j*r - 27 = 3*v. What is f(v)?
2
Let d be (-17)/(-3) + 10/(-15). Let c be d*(0 + 2 + -1). Let s(z) = z**3 - 5*z**2 - z + 2. Determine s(c).
-3
Let r = 4 - -9. Let x = r + -10. Let p(y) = 7*y + 6 - 6*y - x. What is p(-3)?
0
Suppose -18 = -4*y + 2. Let g(x) = y*x**2 - x**2 - 3*x**2 + 7*x + 4. Let h(k) = k + 20. Let d be h(-24). Determine g(d).
-8
Let i(a) = 140*a**2 + 13*a - 141*a**2 - 3 - 5*a. Determine i(7).
4
Let w(n) = 26*n - n**2 - 19*n - 14*n. Calculate w(-5).
10
Let a(n) = n**3 - 3*n**2 + n - 4. Let s = 23 + -9. Suppose -3*k + k + s = 0. Let h(i) = -i + 10. Let t be h(k). Give a(t).
-1
Let t be (-2)/10 - (-156)/180. Let o(g) be the first derivative of 1/4*g**4 + 0*g**2 + t*g**3 - 1 + 2*g. Give o(-3).
-7
Suppose 5*o - 4*n - 16 = 0, 0 = -2*o + 5*n - 1 + 4. Let u(f) = f**3 - 4*f**2 - 2*f - 2. Calculate u(o).
-10
Suppose -5*n + 2*n = -9. Let h(a) = a + 2. Give h(n).
5
Let x be ((-1)/2)/(2/12